{"id":2367,"date":"2023-09-17T20:06:27","date_gmt":"2023-09-17T20:06:27","guid":{"rendered":"http:\/\/www.tumakuder.org\/?page_id=2367"},"modified":"2023-09-25T12:16:54","modified_gmt":"2023-09-25T12:16:54","slug":"batarya-teknolojileri-zirvesi","status":"publish","type":"page","link":"https:\/\/www.tumakuder.org\/index.php\/batarya-teknolojileri-zirvesi\/","title":{"rendered":"Batarya Teknolojileri Zirvesi"},"content":{"rendered":"<div id=\"pl-2367\"  class=\"panel-layout\" ><div id=\"pg-2367-0\"  class=\"panel-grid panel-has-style\" ><div class=\"tablet-default mobile-1-in-row desktop-default panel-row-style panel-row-style-for-2367-0\" ><div id=\"pgc-2367-0-0\"  class=\"panel-grid-cell\" ><div id=\"panel-2367-0-0-0\" class=\"so-panel widget widget_text panel-first-child panel-last-child\" data-index=\"0\" ><div class=\"orion default panel-widget-style panel-widget-style-for-2367-0-0-0\" >\t\t\t<div class=\"textwidget\"><p>Pil ve Ak\u00fcm\u00fclat\u00f6r sekt\u00f6r\u00fcndeki en son geli\u015fmeleri, yenilikleri ve uluslararas\u0131 bak\u0131\u015f a\u00e7\u0131lar\u0131n\u0131 aktarmak \u00fczere, PiLDER &#8211; Pil, Batarya \u00dcreticileri ve Tedarik\u00e7ileri Derne\u011fi&#8217;nin \u00f6nc\u00fcl\u00fc\u011f\u00fcnde \u00f6zel formatla ilk defa d\u00fczenlenecek olan Batarya Teknolojileri Zirvesi;\u00a0 \u00a0sekt\u00f6r\u00fcn \u00f6nc\u00fcleri ile yenilik\u00e7i zihinleri 22-23 Kas\u0131m 2023 tarihlerinde Bili\u015fim Vadisi\u2019nde bir araya getirecek.T\u00dcMAK\u00dcDER,PiLDER &#8211; Pil, Batarya \u00dcreticileri ve Tedarik\u00e7ileri Derne\u011fi&#8217;nin \u00f6nc\u00fcl\u00fc\u011f\u00fcnde d\u00fczenlenen bu Zirvede yer almaktad\u0131r.<\/p>\n<p>Kat\u0131l\u0131mc\u0131lar\u0131na son teknolojik geli\u015fmeleri, uluslararas\u0131 trendleri ve sekt\u00f6rdeki yenilikleri yak\u0131ndan takip etme imkan\u0131 sunacak olan bu prestijli etkinli\u011fikat\u0131lmaya sizi de davet etmekten b\u00fcy\u00fck memnuniyet duyar\u0131z.<\/p>\n<p>T\u00dcMAK\u00dcDER olarak, etkinli\u011fin sekt\u00f6r i\u00e7in getirece\u011fi de\u011ferin fark\u0131nday\u0131z. Bu ba\u011flamda, geni\u015f bir kat\u0131l\u0131m\u0131n sa\u011flanmas\u0131 ad\u0131na katk\u0131lar\u0131n\u0131z\u0131n ve ilginizin bu vizyonda \u00f6nemli bir rol oynayaca\u011f\u0131na inan\u0131yoruz.<\/p>\n<p>&nbsp;<\/p>\n<p>Zirvehakk\u0131nda detayl\u0131 bilgi, program ve kay\u0131t i\u00e7in\u00a0<strong><a href=\"http:\/\/www.battery-technologies-summit.com\">www.battery-technologies-summit.com<\/a><\/strong>\u00a0adresindeyer almaktad\u0131r.\u00a0G\u00fcncel\u00a0duyurular a\u015fa\u011f\u0131daki sosyal medya hesaplar\u0131nda takip edilebilir.<\/p>\n<p><strong>LinkedIn\u00a0\u00a0\u00a0\u00a0\u00a0\u00a0\u00a0\u00a0\u00a0\u00a0\u00a0\u00a0\u00a0\u00a0\u00a0\u00a0\u00a0:\u00a0<a href=\"https:\/\/www.linkedin.com\/showcase\/battery-technologies-summit\">https:\/\/www.linkedin.com\/showcase\/battery-technologies-summit<\/a><\/strong><\/p>\n<p><strong>Instagram\u00a0\u00a0\u00a0\u00a0\u00a0\u00a0\u00a0\u00a0\u00a0\u00a0\u00a0\u00a0\u00a0\u00a0:\u00a0<a href=\"https:\/\/www.instagram.com\/batterytechnologiessummit\">https:\/\/www.instagram.com\/batterytechnologiessummit<\/a><\/strong><\/p>\n<p><strong>Website\u00a0 \u00a0 \u00a0 \u00a0 \u00a0 \u00a0 \u00a0 \u00a0 \u00a0 : <a href=\"https:\/\/www.battery-technologies-summit.com\">https:\/\/www.battery-technologies-summit.com<\/a><\/strong><\/p>\n<p>Kat\u0131l\u0131m\u0131n\u0131zla bu etkinli\u011fin daha da zenginle\u015ftirece\u011finize olan inanc\u0131m\u0131zla, sizleri aram\u0131zda g\u00f6rmekten mutluluk duyar\u0131z.<\/p>\n<p>Not: T\u00dcMAK\u00dcDER kanal\u0131 ile Kat\u0131lacak Firmalara %15 indirim uygulanacakt\u0131r. Konu ile ilgili olarak T\u00dcMAK\u00dcDER ile ileti\u015fime ge\u00e7iniz.<\/p>\n<p>&nbsp;<\/p>\n<p>&nbsp;<\/p>\n<\/div>\n\t\t<\/div><\/div><\/div><\/div><\/div><\/div>","protected":false},"excerpt":{"rendered":"<p>Pil ve Ak\u00fcm\u00fclat\u00f6r sekt\u00f6r\u00fcndeki en son geli\u015fmeleri, yenilikleri ve uluslararas\u0131 bak\u0131\u015f a\u00e7\u0131lar\u0131n\u0131 aktarmak \u00fczere, PiLDER &#8211; Pil, Batarya \u00dcreticileri ve Tedarik\u00e7ileri Derne\u011fi&#8217;nin \u00f6nc\u00fcl\u00fc\u011f\u00fcnde \u00f6zel formatla ilk defa d\u00fczenlenecek olan Batarya Teknolojileri Zirvesi;\u00a0 \u00a0sekt\u00f6r\u00fcn \u00f6nc\u00fcleri ile yenilik\u00e7i zihinleri 22-23 Kas\u0131m 2023 tarihlerinde Bili\u015fim Vadisi\u2019nde bir araya getirecek.T\u00dcMAK\u00dcDER,PiLDER &#8211; Pil, Batarya \u00dcreticileri ve Tedarik\u00e7ileri Derne\u011fi&#8217;nin \u00f6nc\u00fcl\u00fc\u011f\u00fcnde d\u00fczenlenen<\/p>\n","protected":false},"author":1,"featured_media":0,"parent":0,"menu_order":0,"comment_status":"closed","ping_status":"closed","template":"","meta":[],"_links":{"self":[{"href":"https:\/\/www.tumakuder.org\/index.php\/wp-json\/wp\/v2\/pages\/2367"}],"collection":[{"href":"https:\/\/www.tumakuder.org\/index.php\/wp-json\/wp\/v2\/pages"}],"about":[{"href":"https:\/\/www.tumakuder.org\/index.php\/wp-json\/wp\/v2\/types\/page"}],"author":[{"embeddable":true,"href":"https:\/\/www.tumakuder.org\/index.php\/wp-json\/wp\/v2\/users\/1"}],"replies":[{"embeddable":true,"href":"https:\/\/www.tumakuder.org\/index.php\/wp-json\/wp\/v2\/comments?post=2367"}],"version-history":[{"count":4,"href":"https:\/\/www.tumakuder.org\/index.php\/wp-json\/wp\/v2\/pages\/2367\/revisions"}],"predecessor-version":[{"id":2384,"href":"https:\/\/www.tumakuder.org\/index.php\/wp-json\/wp\/v2\/pages\/2367\/revisions\/2384"}],"wp:attachment":[{"href":"https:\/\/www.tumakuder.org\/index.php\/wp-json\/wp\/v2\/media?parent=2367"}],"curies":[{"name":"wp","href":"https:\/\/api.w.org\/{rel}","templated":true}]}}

<div id="pl-2367"  class="panel-layout" ><div id="pg-2367-0"  class="panel-grid panel-has-style" ><div class="tablet-default mobile-1-in-row desktop-default panel-row-style panel-row-style-for-2367-0" ><div id="pgc-2367-0-0"  class="panel-grid-cell" ><div id="panel-2367-0-0-0" class="so-panel widget widget_text panel-first-child panel-last-child" data-index="0" ><div class="orion default panel-widget-style panel-widget-style-for-2367-0-0-0" >			<div class="textwidget"><p>Pil ve Akümülatör sektöründeki en son gelişmeleri, yenilikleri ve uluslararası bakış açılarını aktarmak üzere, PiLDER &#8211; Pil, Batarya Üreticileri ve Tedarikçileri Derneği&#8217;nin öncülüğünde özel formatla ilk defa düzenlenecek olan Batarya Teknolojileri Zirvesi;   sektörün öncüleri ile yenilikçi zihinleri 22-23 Kasım 2023 tarihlerinde Bilişim Vadisi’nde bir araya getirecek.TÜMAKÜDER,PiLDER &#8211; Pil, Batarya Üreticileri ve Tedarikçileri Derneği&#8217;nin öncülüğünde düzenlenen bu Zirvede yer almaktadır.</p>
<p>Katılımcılarına son teknolojik gelişmeleri, uluslararası trendleri ve sektördeki yenilikleri yakından takip etme imkanı sunacak olan bu prestijli etkinliğikatılmaya sizi de davet etmekten büyük memnuniyet duyarız.</p>
<p>TÜMAKÜDER olarak, etkinliğin sektör için getireceği değerin farkındayız. Bu bağlamda, geniş bir katılımın sağlanması adına katkılarınızın ve ilginizin bu vizyonda önemli bir rol oynayacağına inanıyoruz.</p>
<p>&nbsp;</p>
<p>Zirvehakkında detaylı bilgi, program ve kayıt için <strong><a href="http://www.battery-technologies-summit.com">www.battery-technologies-summit.com</a></strong> adresindeyer almaktadır. Güncel duyurular aşağıdaki sosyal medya hesaplarında takip edilebilir.</p>
<p><strong>LinkedIn                 : <a href="https://www.linkedin.com/showcase/battery-technologies-summit">https://www.linkedin.com/showcase/battery-technologies-summit</a></strong></p>
<p><strong>Instagram              : <a href="https://www.instagram.com/batterytechnologiessummit">https://www.instagram.com/batterytechnologiessummit</a></strong></p>
<p><strong>Website                  : <a href="https://www.battery-technologies-summit.com">https://www.battery-technologies-summit.com</a></strong></p>
<p>Katılımınızla bu etkinliğin daha da zenginleştireceğinize olan inancımızla, sizleri aramızda görmekten mutluluk duyarız.</p>
<p>Not: TÜMAKÜDER kanalı ile Katılacak Firmalara %15 indirim uygulanacaktır. Konu ile ilgili olarak TÜMAKÜDER ile iletişime geçiniz.</p>
<p>&nbsp;</p>
<p>&nbsp;</p>
</div>
		</div></div></div></div></div></div>

<p>Pil ve Akümülatör sektöründeki en son gelişmeleri, yenilikleri ve uluslararası bakış açılarını aktarmak üzere, PiLDER &#8211; Pil, Batarya Üreticileri ve Tedarikçileri Derneği&#8217;nin öncülüğünde özel formatla ilk defa düzenlenecek olan Batarya Teknolojileri Zirvesi;   sektörün öncüleri ile yenilikçi zihinleri 22-23 Kasım 2023 tarihlerinde Bilişim Vadisi’nde bir araya getirecek.TÜMAKÜDER,PiLDER &#8211; Pil, Batarya Üreticileri ve Tedarikçileri Derneği&#8217;nin öncülüğünde düzenlenen</p>
