{"id":1803,"date":"2021-08-11T11:40:14","date_gmt":"2021-08-11T11:40:14","guid":{"rendered":"http:\/\/www.tumakuder.org\/?page_id=1803"},"modified":"2023-01-09T09:07:39","modified_gmt":"2023-01-09T09:07:39","slug":"mevzuat","status":"publish","type":"page","link":"https:\/\/www.tumakuder.org\/index.php\/mevzuat\/","title":{"rendered":"MEVZUAT"},"content":{"rendered":"<div id=\"pl-1803\"  class=\"panel-layout\" ><div id=\"pg-1803-0\"  class=\"panel-grid panel-no-style\" ><div id=\"pgc-1803-0-0\"  class=\"panel-grid-cell\" ><div id=\"panel-1803-0-0-0\" class=\"so-panel widget widget_orion_accordion_w panel-first-child panel-last-child\" data-index=\"0\" ><div class=\"orion default panel-widget-style panel-widget-style-for-1803-0-0-0\" ><div\n\t\t\t\n\t\t\tclass=\"so-widget-orion_accordion_w so-widget-orion_accordion_w-base\"\n\t\t\t\n\t\t>\t\r\n\r\n\t<div class=\"panel-group text-dark\" role=\"tablist\" aria-multiselectable=\"true\" id=\"acc_69f35a3ee2f73\">\r\n\t\t\r\n\t\t\t\t\t\t\t\t\r\n\t\t\t\r\n\t\t<div class=\"panel panel-default\" style=\"border-color:#F2F4F4;\">\r\n\t\t\t<div class=\"panel-heading\" role=\"tab\" id=\"DepozitoUygulamasMracaatFormu69f35a3ee2f9c\">\r\n\t\t\t\t<h4 class=\"panel-title\" style=\"background-color:rgba(255,255,255,1);\">\r\n\t\t\t\t\t<a role=\"button\" data-toggle=\"collapse\" href=\"#DepozitoUygulamasMracaatFormu69f35a3ee2f9c-panel\" class=\"not-collapsed text-dark primary-hover\" aria-expanded=\"true\" aria-controls=\"DepozitoUygulamasMracaatFormu69f35a3ee2f9c\" data-parent=\"#acc_69f35a3ee2f73\" style=\"border-color:#F2F4F4;\">\r\n\t\t\t\t\t  \t\r\n\t\t\t\t\t  \tDepozito Uygulamas\u0131 M\u00fcracaat Formu\t\t\t\t\t<\/a>\r\n\t\t\t\t<\/h4>\r\n\r\n\t\t\t<\/div>\r\n\t\t\t<div class=\"panel-collapse collapse in\" id=\"DepozitoUygulamasMracaatFormu69f35a3ee2f9c-panel\" aria-expanded=\"false\" role=\"tabpanel\" aria-labelledby=\"DepozitoUygulamasMracaatFormu69f35a3ee2f9c\">\r\n\t\t\t\t<div class=\"panel-body\" style=\"border-color:#F2F4F4; background-color:rgba(255,255,255,1);\">\r\n\t\t\t\t\t<p><a href=\"http:\/\/www.tumakuder.org\/wp-content\/uploads\/2023\/01\/2023-Depozito-Uygulama-Formu-04012023.xlsx\"><strong><font color=\"#ad0000\" size=\"4\">2023 Y\u0131l\u0131 Depozito Uygulamas\u0131 M\u00fcracaat Formu<\/font><\/strong><\/a><\/p>\n\t\t\t\t<\/div>\r\n\t\t\t<\/div>\r\n\t\t<\/div>\r\n\t\t\t\t\t\t\r\n\t\t\t\r\n\t\t<div class=\"panel panel-default\" style=\"border-color:#F2F4F4;\">\r\n\t\t\t<div class=\"panel-heading\" role=\"tab\" id=\"yeUBDilekesi69f35a3ee3096\">\r\n\t\t\t\t<h4 class=\"panel-title\" style=\"background-color:rgba(255,255,255,1);\">\r\n\t\t\t\t\t<a role=\"button\" data-toggle=\"collapse\" href=\"#yeUBDilekesi69f35a3ee3096-panel\" class=\"not-collapsed text-dark primary-hover\" aria-expanded=\"true\" aria-controls=\"yeUBDilekesi69f35a3ee3096\" data-parent=\"#acc_69f35a3ee2f73\" style=\"border-color:#F2F4F4;\">\r\n\t\t\t\t\t  \t\r\n\t\t\t\t\t  \t\u00dcye \u00c7UB Dilek\u00e7esi\t\t\t\t\t<\/a>\r\n\t\t\t\t<\/h4>\r\n\r\n\t\t\t<\/div>\r\n\t\t\t<div class=\"panel-collapse collapse in\" id=\"yeUBDilekesi69f35a3ee3096-panel\" aria-expanded=\"false\" role=\"tabpanel\" aria-labelledby=\"yeUBDilekesi69f35a3ee3096\">\r\n\t\t\t\t<div class=\"panel-body\" style=\"border-color:#F2F4F4; background-color:rgba(255,255,255,1);\">\r\n\t\t\t\t\t<p><a href=\"http:\/\/www.tumakuder.org\/wp-content\/uploads\/2023\/01\/2023-Uye-CUB-Dilekcesi.doc\"><strong><font color=\"#ad0000\" size=\"4\">2023 \u00c7evre Uyumluluk Ba\u015fvuru Dilek\u00e7esi<\/font><\/strong><\/a><\/p>\n\t\t\t\t<\/div>\r\n\t\t\t<\/div>\r\n\t\t<\/div>\r\n\t\t\t\t\t\t\r\n\t\t\t\r\n\t\t<div class=\"panel panel-default\" style=\"border-color:#F2F4F4;\">\r\n\t\t\t<div class=\"panel-heading\" role=\"tab\" id=\"DepozitoSistemiUygulamalarnalikinUsulveEsaslar69f35a3ee30fb\">\r\n\t\t\t\t<h4 class=\"panel-title\" style=\"background-color:rgba(255,255,255,1);\">\r\n\t\t\t\t\t<a role=\"button\" data-toggle=\"collapse\" href=\"#DepozitoSistemiUygulamalarnalikinUsulveEsaslar69f35a3ee30fb-panel\" class=\"not-collapsed text-dark primary-hover\" aria-expanded=\"true\" aria-controls=\"DepozitoSistemiUygulamalarnalikinUsulveEsaslar69f35a3ee30fb\" data-parent=\"#acc_69f35a3ee2f73\" style=\"border-color:#F2F4F4;\">\r\n\t\t\t\t\t  \t\r\n\t\t\t\t\t  \tDepozito Sistemi Uygulamalar\u0131na \u0130li\u015fkin Usul ve Esaslar\t\t\t\t\t<\/a>\r\n\t\t\t\t<\/h4>\r\n\r\n\t\t\t<\/div>\r\n\t\t\t<div class=\"panel-collapse collapse in\" id=\"DepozitoSistemiUygulamalarnalikinUsulveEsaslar69f35a3ee30fb-panel\" aria-expanded=\"false\" role=\"tabpanel\" aria-labelledby=\"DepozitoSistemiUygulamalarnalikinUsulveEsaslar69f35a3ee30fb\">\r\n\t\t\t\t<div class=\"panel-body\" style=\"border-color:#F2F4F4; background-color:rgba(255,255,255,1);\">\r\n\t\t\t\t\t<p><a href=\"http:\/\/www.tumakuder.org\/wp-content\/uploads\/2023\/01\/AkuDepozitoUygulamasiUsulveEsaslar.pdf\"><strong><span style=\"color: #ad0000;font-size: large\">AkuDepozitoUygulamasiUsulveEsaslar.pdf<\/span><\/strong><\/a><\/p>\n\t\t\t\t<\/div>\r\n\t\t\t<\/div>\r\n\t\t<\/div>\r\n\t\t\t\t\t\t\r\n\t\t\t\r\n\t\t<div class=\"panel panel-default\" style=\"border-color:#F2F4F4;\">\r\n\t\t\t<div class=\"panel-heading\" role=\"tab\" id=\"01012023YrrlkleilgiliDepozitoSistemiUygulamalarnalikinUsulveEsaslarDeiiklik69f35a3ee31ae\">\r\n\t\t\t\t<h4 class=\"panel-title\" style=\"background-color:rgba(255,255,255,1);\">\r\n\t\t\t\t\t<a role=\"button\" data-toggle=\"collapse\" href=\"#01012023YrrlkleilgiliDepozitoSistemiUygulamalarnalikinUsulveEsaslarDeiiklik69f35a3ee31ae-panel\" class=\"not-collapsed text-dark primary-hover\" aria-expanded=\"true\" aria-controls=\"01012023YrrlkleilgiliDepozitoSistemiUygulamalarnalikinUsulveEsaslarDeiiklik69f35a3ee31ae\" data-parent=\"#acc_69f35a3ee2f73\" style=\"border-color:#F2F4F4;\">\r\n\t\t\t\t\t  \t\r\n\t\t\t\t\t  \t01.01.2023 Y\u00fcr\u00fcrl\u00fck le ilgili-Depozito Sistemi Uygulamalar\u0131na \u0130li\u015fkin Usul ve Esaslar De\u011fi\u015fiklik\t\t\t\t\t<\/a>\r\n\t\t\t\t<\/h4>\r\n\r\n\t\t\t<\/div>\r\n\t\t\t<div class=\"panel-collapse collapse in\" id=\"01012023YrrlkleilgiliDepozitoSistemiUygulamalarnalikinUsulveEsaslarDeiiklik69f35a3ee31ae-panel\" aria-expanded=\"false\" role=\"tabpanel\" aria-labelledby=\"01012023YrrlkleilgiliDepozitoSistemiUygulamalarnalikinUsulveEsaslarDeiiklik69f35a3ee31ae\">\r\n\t\t\t\t<div class=\"panel-body\" style=\"border-color:#F2F4F4; background-color:rgba(255,255,255,1);\">\r\n\t\t\t\t\t<p><a href=\"http:\/\/www.tumakuder.org\/wp-content\/uploads\/2023\/01\/DepozitoUygulamasiUsulveEsaslar01-01-2023.pdf\"><font color=\"ad0000\" size=\"4\"><strong>DepozitoUygulamasiUsulveEsaslar01-01-2023.pdf<\/strong><\/font><\/a><\/p>\n\t\t\t\t<\/div>\r\n\t\t\t<\/div>\r\n\t\t<\/div>\r\n\t\t\t\t\t\t\r\n\t\t\t\r\n\t\t<div class=\"panel panel-default\" style=\"border-color:#F2F4F4;\">\r\n\t\t\t<div class=\"panel-heading\" role=\"tab\" id=\"DepozitoBedellerineKDVeklenmesinedairGelirdaresiBakanlzelgesi69f35a3ee320a\">\r\n\t\t\t\t<h4 class=\"panel-title\" style=\"background-color:rgba(255,255,255,1);\">\r\n\t\t\t\t\t<a role=\"button\" data-toggle=\"collapse\" href=\"#DepozitoBedellerineKDVeklenmesinedairGelirdaresiBakanlzelgesi69f35a3ee320a-panel\" class=\"not-collapsed text-dark primary-hover\" aria-expanded=\"true\" aria-controls=\"DepozitoBedellerineKDVeklenmesinedairGelirdaresiBakanlzelgesi69f35a3ee320a\" data-parent=\"#acc_69f35a3ee2f73\" style=\"border-color:#F2F4F4;\">\r\n\t\t\t\t\t  \t\r\n\t\t\t\t\t  \tDepozito Bedellerine KDV eklenmesine dair Gelir \u0130daresi Ba\u015fkanl\u0131\u011f\u0131 \u00f6zelgesi\t\t\t\t\t<\/a>\r\n\t\t\t\t<\/h4>\r\n\r\n\t\t\t<\/div>\r\n\t\t\t<div class=\"panel-collapse collapse in\" id=\"DepozitoBedellerineKDVeklenmesinedairGelirdaresiBakanlzelgesi69f35a3ee320a-panel\" aria-expanded=\"false\" role=\"tabpanel\" aria-labelledby=\"DepozitoBedellerineKDVeklenmesinedairGelirdaresiBakanlzelgesi69f35a3ee320a\">\r\n\t\t\t\t<div class=\"panel-body\" style=\"border-color:#F2F4F4; background-color:rgba(255,255,255,1);\">\r\n\t\t\t\t\t<p><a href=\"http:\/\/www.tumakuder.org\/wp-content\/uploads\/2023\/01\/Depozito-KDV-GIB.pdf\"><font color=\"ad0000\" size=\"4\"><strong>Depozito-KDV-GIB.pdf<\/strong><\/font><\/a><\/p>\n\t\t\t\t<\/div>\r\n\t\t\t<\/div>\r\n\t\t<\/div>\r\n\t\t\t\t\t\t\r\n\t\t\t\r\n\t\t<div class=\"panel panel-default\" style=\"border-color:#F2F4F4;\">\r\n\t\t\t<div class=\"panel-heading\" role=\"tab\" id=\"APAKAtkPilveAkmlatrlerinKontrolYnetmelii69f35a3ee325c\">\r\n\t\t\t\t<h4 class=\"panel-title\" style=\"background-color:rgba(255,255,255,1);\">\r\n\t\t\t\t\t<a role=\"button\" data-toggle=\"collapse\" href=\"#APAKAtkPilveAkmlatrlerinKontrolYnetmelii69f35a3ee325c-panel\" class=\"not-collapsed text-dark primary-hover\" aria-expanded=\"true\" aria-controls=\"APAKAtkPilveAkmlatrlerinKontrolYnetmelii69f35a3ee325c\" data-parent=\"#acc_69f35a3ee2f73\" style=\"border-color:#F2F4F4;\">\r\n\t\t\t\t\t  \t\r\n\t\t\t\t\t  \tAPAK-At\u0131k Pil ve Ak\u00fcm\u00fclat\u00f6rlerin Kontrol\u00fc Y\u00f6netmeli\u011fi\t\t\t\t\t<\/a>\r\n\t\t\t\t<\/h4>\r\n\r\n\t\t\t<\/div>\r\n\t\t\t<div class=\"panel-collapse collapse in\" id=\"APAKAtkPilveAkmlatrlerinKontrolYnetmelii69f35a3ee325c-panel\" aria-expanded=\"false\" role=\"tabpanel\" aria-labelledby=\"APAKAtkPilveAkmlatrlerinKontrolYnetmelii69f35a3ee325c\">\r\n\t\t\t\t<div class=\"panel-body\" style=\"border-color:#F2F4F4; background-color:rgba(255,255,255,1);\">\r\n\t\t\t\t\t<p><a href=\"http:\/\/www.tumakuder.org\/wp-content\/uploads\/2023\/01\/APAK.docx\"><font color=\"ad0000\" size=\"4\"><strong>APAK.docx<\/strong><\/font><\/a><\/p>\n\t\t\t\t<\/div>\r\n\t\t\t<\/div>\r\n\t\t<\/div>\r\n\t\t\t<\/div>\t\r\n\r\n\r\n\r\n\r\n<\/div><\/div><\/div><\/div><\/div><\/div>","protected":false},"excerpt":{"rendered":"<p>Depozito Uygulamas\u0131 M\u00fcracaat Formu 2023 Y\u0131l\u0131 Depozito Uygulamas\u0131 M\u00fcracaat Formu \u00dcye \u00c7UB Dilek\u00e7esi 2023 \u00c7evre Uyumluluk Ba\u015fvuru Dilek\u00e7esi Depozito Sistemi Uygulamalar\u0131na \u0130li\u015fkin Usul ve Esaslar AkuDepozitoUygulamasiUsulveEsaslar.pdf 01.01.2023 Y\u00fcr\u00fcrl\u00fck le ilgili-Depozito Sistemi Uygulamalar\u0131na \u0130li\u015fkin Usul ve Esaslar De\u011fi\u015fiklik DepozitoUygulamasiUsulveEsaslar01-01-2023.pdf Depozito Bedellerine KDV eklenmesine dair Gelir \u0130daresi Ba\u015fkanl\u0131\u011f\u0131 \u00f6zelgesi Depozito-KDV-GIB.pdf APAK-At\u0131k Pil ve Ak\u00fcm\u00fclat\u00f6rlerin Kontrol\u00fc Y\u00f6netmeli\u011fi APAK.docx<\/p>\n","protected":false},"author":1,"featured_media":0,"parent":0,"menu_order":0,"comment_status":"closed","ping_status":"closed","template":"","meta":[],"_links":{"self":[{"href":"https:\/\/www.tumakuder.org\/index.php\/wp-json\/wp\/v2\/pages\/1803"}],"collection":[{"href":"https:\/\/www.tumakuder.org\/index.php\/wp-json\/wp\/v2\/pages"}],"about":[{"href":"https:\/\/www.tumakuder.org\/index.php\/wp-json\/wp\/v2\/types\/page"}],"author":[{"embeddable":true,"href":"https:\/\/www.tumakuder.org\/index.php\/wp-json\/wp\/v2\/users\/1"}],"replies":[{"embeddable":true,"href":"https:\/\/www.tumakuder.org\/index.php\/wp-json\/wp\/v2\/comments?post=1803"}],"version-history":[{"count":36,"href":"https:\/\/www.tumakuder.org\/index.php\/wp-json\/wp\/v2\/pages\/1803\/revisions"}],"predecessor-version":[{"id":2347,"href":"https:\/\/www.tumakuder.org\/index.php\/wp-json\/wp\/v2\/pages\/1803\/revisions\/2347"}],"wp:attachment":[{"href":"https:\/\/www.tumakuder.org\/index.php\/wp-json\/wp\/v2\/media?parent=1803"}],"curies":[{"name":"wp","href":"https:\/\/api.w.org\/{rel}","templated":true}]}}