{"id":2184,"date":"2023-01-02T10:05:45","date_gmt":"2023-01-02T10:05:45","guid":{"rendered":"http:\/\/www.tumakuder.org\/?page_id=2184"},"modified":"2024-01-02T06:12:38","modified_gmt":"2024-01-02T06:12:38","slug":"2024-cevre-uyum-onay-basvurusu","status":"publish","type":"page","link":"http:\/\/www.tumakuder.org\/index.php\/2024-cevre-uyum-onay-basvurusu\/","title":{"rendered":"2024 \u00c7evre Uyum Onay Ba\u015fvurusu"},"content":{"rendered":"<p>T\u00dcMAK\u00dcDER \u00dcyesi Ak\u00fcm\u00fclat\u00f6r \u0130thalat\u00e7\u0131 ve \u00dcretici Firmalar\u0131n\u0131n \u00c7evre Uyum Onaylar\u0131 31.01.2024 tarihinde sona ermektedir;<\/p>\n<p>Haz\u0131rlanmas\u0131 gereken evraklar i\u00e7in; <span style=\"color: #ff0000;\"><a style=\"color: #ff0000;\" href=\"https:\/\/www.tumakuder.org\/wp-content\/uploads\/2023\/12\/2024-Uye-CUB-Dilekcesi.doc\">2024 \u00dcye-\u00c7UB Dilek\u00e7esi<\/a><\/span> , <span style=\"color: #ff0000;\"><a style=\"color: #ff0000;\" href=\"https:\/\/www.tumakuder.org\/wp-content\/uploads\/2023\/12\/2023-Depozito-Uygulama-Formu.xlsx\">2024 Depozito Uygulama Formu<\/a><\/span> <strong>linklerini t\u0131klay\u0131n\u0131z<\/strong> (\u0130ki\u015fer n\u00fcsha ve her sayfas\u0131 ka\u015fe, imzal\u0131) olarak en ge\u00e7 12 Ocak 2024 tarihinde T\u00dcMAK\u00dcDER\u2019 e ula\u015ft\u0131r\u0131lm\u0131\u015f olmal\u0131d\u0131r.<\/p>\n<p>2023 Y\u0131l\u0131 i\u00e7erisinde Geri Kazan\u0131ma g\u00f6nderilen At\u0131k Ak\u00fcm\u00fclat\u00f6rlerin K\u00fctle Denge Raporlar\u0131n\u0131 (tek n\u00fcsha olarak) en ge\u00e7 12 Ocak 2024, tarihinde T\u00dcMAK\u00dcDER de olacak \u015fekilde g\u00f6nderilmelidir.<\/p>\n<p>2024 \u00c7evre Uyum \u00d6n izin ba\u015fvurunuz; TAREKS \u00fczerinden <strong>\u201c\u00dcr\u00fcn Gurubu Baz\u0131nda\u201d, \u201cEk2\u201d<\/strong> se\u00e7enekleri se\u00e7ilerek (Ayn\u0131 zamanda pil ithal eden \u00fcyelerimiz taraf\u0131ndan <strong>\u201cEk3\u201d<\/strong> se\u00e7ilerek.) en ge\u00e7 12 Ocak 2024 tarihine kadar yap\u0131lmal\u0131d\u0131r. (Bu konuda G\u00fcmr\u00fck yetkilinizi uyar\u0131n\u0131z)<\/p>\n<p>GEKAP ve E\u00c7BS bildirimlerinizin entegreli olarak tamamlanmas\u0131 bildirimlerin yap\u0131lmas\u0131 gerekmektedir.<\/p>\n<p><em>01 Ocak 2024 tarihinden itibaren; Bakanl\u0131k taraf\u0131ndan belirlenen Ak\u00fcm\u00fclat\u00f6r Depozito Bedeli sat\u0131\u015f faturas\u0131nda yer almal\u0131 ve KDV matrah\u0131na dahil edilmelidir.<\/em><\/p>\n<p><em>Ak\u00fcm\u00fclat\u00f6r etiketlerinde var olan bilgilere ek olarak Sanayi ve Teknoloji Bakanl\u0131\u011f\u0131 taraf\u0131ndan istenen Firma Ad\u0131 ve Adresi de etikette yer almal\u0131d\u0131r.<\/em><\/p>\n","protected":false},"excerpt":{"rendered":"<p>T\u00dcMAK\u00dcDER \u00dcyesi Ak\u00fcm\u00fclat\u00f6r \u0130thalat\u00e7\u0131 ve \u00dcretici Firmalar\u0131n\u0131n \u00c7evre Uyum Onaylar\u0131 31.01.2024 tarihinde sona ermektedir; Haz\u0131rlanmas\u0131 gereken evraklar i\u00e7in; 2024 \u00dcye-\u00c7UB Dilek\u00e7esi , 2024 Depozito Uygulama Formu linklerini t\u0131klay\u0131n\u0131z (\u0130ki\u015fer n\u00fcsha ve her sayfas\u0131 ka\u015fe, imzal\u0131) olarak en ge\u00e7 12 Ocak 2024 tarihinde T\u00dcMAK\u00dcDER\u2019 e ula\u015ft\u0131r\u0131lm\u0131\u015f olmal\u0131d\u0131r. 2023 Y\u0131l\u0131 i\u00e7erisinde Geri Kazan\u0131ma g\u00f6nderilen At\u0131k Ak\u00fcm\u00fclat\u00f6rlerin K\u00fctle<\/p>\n","protected":false},"author":1,"featured_media":0,"parent":0,"menu_order":0,"comment_status":"closed","ping_status":"closed","template":"","meta":[],"_links":{"self":[{"href":"http:\/\/www.tumakuder.org\/index.php\/wp-json\/wp\/v2\/pages\/2184"}],"collection":[{"href":"http:\/\/www.tumakuder.org\/index.php\/wp-json\/wp\/v2\/pages"}],"about":[{"href":"http:\/\/www.tumakuder.org\/index.php\/wp-json\/wp\/v2\/types\/page"}],"author":[{"embeddable":true,"href":"http:\/\/www.tumakuder.org\/index.php\/wp-json\/wp\/v2\/users\/1"}],"replies":[{"embeddable":true,"href":"http:\/\/www.tumakuder.org\/index.php\/wp-json\/wp\/v2\/comments?post=2184"}],"version-history":[{"count":10,"href":"http:\/\/www.tumakuder.org\/index.php\/wp-json\/wp\/v2\/pages\/2184\/revisions"}],"predecessor-version":[{"id":2447,"href":"http:\/\/www.tumakuder.org\/index.php\/wp-json\/wp\/v2\/pages\/2184\/revisions\/2447"}],"wp:attachment":[{"href":"http:\/\/www.tumakuder.org\/index.php\/wp-json\/wp\/v2\/media?parent=2184"}],"curies":[{"name":"wp","href":"https:\/\/api.w.org\/{rel}","templated":true}]}}

2024 Çevre Uyum Onay Başvurusu

<p>TÜMAKÜDER Üyesi Akümülatör İthalatçı ve Üretici Firmalarının Çevre Uyum Onayları 31.01.2024 tarihinde sona ermektedir;</p>
<p>Hazırlanması gereken evraklar için; <span style="color: #ff0000;"><a style="color: #ff0000;" href="https://www.tumakuder.org/wp-content/uploads/2023/12/2024-Uye-CUB-Dilekcesi.doc">2024 Üye-ÇUB Dilekçesi</a></span> , <span style="color: #ff0000;"><a style="color: #ff0000;" href="https://www.tumakuder.org/wp-content/uploads/2023/12/2023-Depozito-Uygulama-Formu.xlsx">2024 Depozito Uygulama Formu</a></span> <strong>linklerini tıklayınız</strong> (İkişer nüsha ve her sayfası kaşe, imzalı) olarak en geç 12 Ocak 2024 tarihinde TÜMAKÜDER’ e ulaştırılmış olmalıdır.</p>
<p>2023 Yılı içerisinde Geri Kazanıma gönderilen Atık Akümülatörlerin Kütle Denge Raporlarını (tek nüsha olarak) en geç 12 Ocak 2024, tarihinde TÜMAKÜDER de olacak şekilde gönderilmelidir.</p>
<p>2024 Çevre Uyum Ön izin başvurunuz; TAREKS üzerinden <strong>“Ürün Gurubu Bazında”, “Ek2”</strong> seçenekleri seçilerek (Aynı zamanda pil ithal eden üyelerimiz tarafından <strong>“Ek3”</strong> seçilerek.) en geç 12 Ocak 2024 tarihine kadar yapılmalıdır. (Bu konuda Gümrük yetkilinizi uyarınız)</p>
<p>GEKAP ve EÇBS bildirimlerinizin entegreli olarak tamamlanması bildirimlerin yapılması gerekmektedir.</p>
<p><em>01 Ocak 2024 tarihinden itibaren; Bakanlık tarafından belirlenen Akümülatör Depozito Bedeli satış faturasında yer almalı ve KDV matrahına dahil edilmelidir.</em></p>
<p><em>Akümülatör etiketlerinde var olan bilgilere ek olarak Sanayi ve Teknoloji Bakanlığı tarafından istenen Firma Adı ve Adresi de etikette yer almalıdır.</em></p>

<p>TÜMAKÜDER Üyesi Akümülatör İthalatçı ve Üretici Firmalarının Çevre Uyum Onayları 31.01.2024 tarihinde sona ermektedir; Hazırlanması gereken evraklar için; 2024 Üye-ÇUB Dilekçesi , 2024 Depozito Uygulama Formu linklerini tıklayınız (İkişer nüsha ve her sayfası kaşe, imzalı) olarak en geç 12 Ocak 2024 tarihinde TÜMAKÜDER’ e ulaştırılmış olmalıdır. 2023 Yılı içerisinde Geri Kazanıma gönderilen Atık Akümülatörlerin Kütle</p>
